
85
Calculate the remainder when 10275 is divided by 2110.
1835
What is the remainder when 6864 is divided by 1144?
0
What is the remainder when 906441 is divided by 83?
81
Calculate the remainder when 292235 is divided by 73054.
19
Calculate the remainder when 3908 is divided by 1332.
1244
Calculate the remainder when 64292 is divided by 392.
4
Calculate the remainder when 5270 is divided by 1488.
806
Calculate the remainder when 44445 is divided by 36.
21
Calculate the remainder when 179698 is divided by 1089.
13
What is the remainder when 40541 is divided by 174?
173
Calculate the remainder when 382531 is divided by 71.
54
What is the remainder when 33264 is divided by 275?
264
Calculate the remainder when 5159 is divided by 28.
7
Calculate the remainder when 5990 is divided by 106.
54
What is the remainder when 48974 is divided by 19?
11
Calculate the remainder when 20427 is divided by 3326.
471
Calculate the remainder when 8866337 is divided by 213.
212
Calculate the remainder when 22570 is divided by 2722.
794
Calculate the remainder when 317134 is divided by 126.
118
Calculate the remainder when 422507 is divided by 211226.
55
What is the remainder when 2399 is divided by 172?
163
Calculate the remainder when 4405 is divided by 23.
12
What is the remainder when 11406 is divided by 54?
12
Calculate the remainder when 2295342 is divided by 1103.
1102
Calculate the remainder when 1629 is divided by 722.
185
Calculate the remainder when 172467 is divided by 343.
281
What is the remainder when 758 is divided by 94?
6
What is the remainder when 245 is divided by 201?
44
What is the remainder when 355459 is divided by 223?
220
Calculate the remainder when 36102 is divided by 12032.
6
Calculate the remainder when 215695 is divided by 25.
20
What is the remainder when 47908 is divided by 4752?
388
Calculate the remainder when 29807 is divided by 3310.
17
What is the remainder when 3219106 is divided by 333?
328
What is the remainder when 1462 is divided by 6?
4
Calculate the remainder when 4673 is divided by 465.
23
Calculate the remainder when 1029771 is divided by 257442.
3
Calculate the remainder when 529011 is divided by 22.
21
What is the remainder when 17379 is divided by 17?
5
What is the remainder when 24745 is divided by 8247?
4
Calculate the remainder when 4186 is divided by 596.
14
Calculate the remainder when 72108 is divided by 115.
3
What is the remainder when 139653 is divided by 253?
250
What is the remainder when 1168 is divided by 12?
4
Calculate the remainder when 117991 is divided by 887.
20
What is the remainder when 246212 is divided by 11?
10
What is the remainder when 21420 is divided by 64?
44
Calculate the remainder when 367933 is divided by 16.
13
What is the remainder when 31881 is divided by 10621?
18
What is the remainder when 119964 is divided by 597?
564
What is the remainder when 38386 is divided by 3482?
84
What is the remainder when 4756 is divided by 197?
28
Calculate the remainder when 15752 is divided by 95.
77
Calculate the remainder when 25784 is divided by 679.
661
What is the remainder when 8955 is divided by 17?
13
What is the remainder when 4170 is divided by 135?
120
What is the remainder when 6838 is divided by 196?
174
What is the remainder when 205 is divided by 21?
16
What is the remainder when 145514 is divided by 24252?
2
Calculate the remainder when 3993 is divided by 1324.
21
Calculate the remainder when 1251 is divided by 128.
99
Calculate the remainder when 1051551 is divided by 544.
543
What is the remainder when 23161 is divided by 11580?
1
What is the remainder when 45999 is divided by 17?
14
What is the remainder when 6335 is divided by 69?
56
What is the remainder when 6711 is divided by 1439?
955
What is the remainder when 152 is divided by 125?
27
Calculate the remainder when 218343 is divided by 2298.
33
What is the remainder when 669705 is divided by 1431?
1428
Calculate the remainder when 449 is divided by 443.
6
Calculate the remainder when 22854 is divided by 176.
150
What is the remainder when 41741 is divided by 54?
53
Calculate the remainder when 6416 is divided by 23.
22
Calculate the remainder when 10661 is divided by 2125.
36
What is the remainder when 152392 is divided by 59?
54
Calculate the remainder when 7415 is divided by 81.
44
Calculate the remainder when 46824 is divided by 121.
118
Calculate the remainder when 396726 is divided by 17.
14
What is the remainder when 23566 is divided by 20?
6
Calculate the remainder when 4987 is divided by 148.
103
What is the remainder when 1885309 is divided by 230?
229
What is the remainder when 190007 is divided by 67?
62
What is the remainder when 9956 is divided by 10?
6
Calculate the remainder when 18948 is divided by 2672.
244
Calculate the remainder when 34178 is divided by 42.
32
Calculate the remainder when 845 is divided by 362.
121
What is the remainder when 320415 is divided by 338?
329
What is the remainder when 3184 is divided by 313?
54
What is the remainder when 1169 is divided by 263?
117
What is the remainder when 11136 is divided by 228?
192
What is the remainder when 42188 is divided by 244?
220
What is the remainder when 728 is divided by 43?
40
What is the remainder when 5085 is divided by 5017?
68
What is the remainder when 405648 is divided by 266?
264
Calculate the remainder when 90239 is divided by 45101.
37
What is the remainder when 50623 is divided by 522?
511
Calculate the remainder when 435125 is divided by 145037.
14
What is the remainder when 5986 is divided by 19?
1
Calculate the remainder when 6406 is divided by 78.
10
What is the remainder when 7447 is divided by 186?
7
What is the remainder when 561850 is divided by 503?
502
What is the remainder when 1137 is divided by 240?
177
What is the remainder when 347 is divided by 45?
32
Calculate the remainder when 6204 is divided by 1033.
6
What is the remainder when 7496 is divided by 2452?
140
Calculate the remainder when 4817 is divided by 254.
245
Calculate the remainder when 12121 is divided by 13.
5
What is the remainder when 124306 is divided by 4008?
58
What is the remainder when 126554 is divided by 403?
12
Calculate the remainder when 9751 is divided by 3248.
7
Calculate the remainder when 2150 is divided by 26.
18
Calculate the remainder when 27168 is divided by 208.
128
What is the remainder when 104847 is divided by 25?
22
What is the remainder when 13960 is divided by 133?
128
Calculate the remainder when 143555 is divided by 1157.
87
Calculate the remainder when 17857 is divided by 238.
7
Calculate the remainder when 1139000 is divided by 3.
2
What is the remainder when 5266 is divided by 12?
10
Calculate the remainder when 1015 is divided by 50.
15
Calculate the remainder when 1006628 is divided by 792.
788
Calculate the remainder when 5078 is divided by 1689.
11
What is the remainder when 10876 is divided by 931?
635
What is the remainder when 1163 is divided by 123?
56
Calculate the remainder when 9121 is divided by 2270.
41
What is the remainder when 16126 is divided by 8044?
38
What is the remainder when 1115 is divided by 10?
5
What is the remainder when 35845 is divided by 11?
7
Calculate the remainder when 796 is divided by 226.
118
Calculate the remainder when 4901 is divided by 1351.
848
What is the remainder when 5502 is divided by 4212?
1290
Calculate the remainder when 315795 is divided by 688.
3
What is the remainder when 12288 is divided by 10?
8
Calculate the remainder when 4882 is divided by 1610.
52
Calculate the remainder when 28835 is divided by 70.
65
Calculate the remainder when 94705 is divided by 17.
15
Calculate the remainder when 7346 is divided by 1047.
17
Calculate the remainder when 53171 is divided by 44.
19
Calculate the remainder when 151837 is divided by 473.
4
Calculate the remainder when 486093 is divided by 191.
189
What is the remainder when 12063 is divided by 24?
15
Calculate the remainder when 1149217 is divided by 25.
17
Calculate the remainder when 30450 is divided by 354.
6
What is the remainder when 65915 is divided by 379?
348
What is the remainder when 2419 is divided by 401?
13
Calculate the remainder when 9831 is divided by 26.
3
Calculate the remainder when 5362 is divided by 1419.
11